= -i**3 + 4*i**2 + 3*i + 7. Determine t(o).
-3
Let w(v) be the third derivative of v**5/60 + v**4/8 - 2*v**3/3 + 2*v**2. What is w(-4)?
0
Let a(v) = -13*v + 0 + 2 + 1 + 17*v. Give a(-6).
-21
Let y = 35 + -44. Let n(m) = -m**2 - 8*m + 6. What is n(y)?
-3
Suppose 0 = -2*w - 0*w - 22. Let f = w - -6. Let v(s) = s**2 + 5*s + 2. What is v(f)?
2
Let s(q) = -q + 6. Suppose 2*m - 3*m = 0. Suppose d - 2*p - 10 = -d, -p - 1 = m. Give s(d).
2
Let k(l) = -l**3 - 6*l**2 + 4*l + 1. Let c = -18 + 11. Determine k(c).
22
Let o(x) = 11 - x**2 - x**3 + x**2 - x**2. Determine o(0).
11
Suppose -2*d - 42 = 4*s, -4*d = 3*s - 17 + 61. Let o(n) = -n**3 - 7*n**2 + 8*n + 8. What is o(s)?
8
Let c = 8 + -6. Let a(m) = 2*m**2 - m + 4*m**c + 0*m. Let w(f) = f - 2. Let s be w(1). Give a(s).
7
Let c(j) = j**3 - 2*j**2 + 1. Let f = 231 + -228. Determine c(f).
10
Suppose 0 = -0*f + 4*f - 20. Let i(j) be the third derivative of j**4/24 + j**3/6 - 248*j**2. Determine i(f).
6
Let d(l) = -l. Suppose 3 = 3*z - 2*z. Let u(o) = 9*o**2 + 3*o - 1. Let w(j) = z*d(j) + u(j). Suppose 3*v - 2*i - 1 = 2, v - 5*i = 1. Determine w(v).
8
Suppose 4*p = -0*p + 8. Suppose -8 = -2*k - 2. Let z(i) = -7*i + p*i**k - i**3 + 0 - 9 + 5*i**2. Give z(-6).
-3
Suppose -4 - 8 = y - 3*s, -2*y + s = 4. Let q(u) be the third derivative of y*u - 2*u**2 - 1/6*u**4 - 2/3*u**3 + 0. Give q(-3).
8
Let g(o) be the first derivative of -o**6/360 + o**5/40 + o**4/6 + 4*o**3/3 + 4. Let m(a) be the third derivative of g(a). What is m(4)?
0
Let q(t) = -3*t + 5. Let m(r) = r**2 + 8*r + 16. Let k be m(-6). Calculate q(k).
-7
Let z(n) = -n**3 + 8*n**2 - 6*n - 1. Let p(h) = h**3 + h**2 - 1. Let s be p(1). Let i be ((-2)/2)/(s/(-7)). Determine z(i).
6
Suppose 0 = -3*o + 9, -o - 1 = 5*c - 19. Let b(w) = -7 + w**2 + 4 - 4*w - c. Calculate b(6).
6
Let b(d) be the first derivative of d**2/2 + d + 1. Suppose 5*h = 5*l + 15, 4*l + 0*h + 24 = -2*h. Give b(l).
-4
Let f(w) = -w. Let m = 3 + -8. Calculate f(m).
5
Let o(i) = 4 + 0 - 4 + 1 - 3*i. Determine o(6).
-17
Let c(o) = o**2 + 5. Let d(u) = -u**2. Let w be d(0). Suppose 0 = -3*h - 4*b + 16, 4*h - 6*h - 5*b + 20 = w. Determine c(h).
5
Let w(j) be the third derivative of j**4/12 + 4*j**3/3 - 4*j**2. Give w(-8).
-8
Let t be (-13)/(-3) + 6/9. Let v(b) = b**2 + 3*b**2 + 0*b**2 + 1 - 3*b**3 - t*b**2. Determine v(1).
-3
Let c(i) = i**3 - i**2. Let j be c(2). Let u(n) = 6*n**2 - 9*n - 1 + 9*n**2 - 14*n. Let s(a) = -7*a**2 + 11*a. Let b(g) = -13*s(g) - 6*u(g). What is b(j)?
2
Let x(b) = -b + 6. Let q = -9 - -15. What is x(q)?
0
Suppose -4 + 13 = -3*f. Let u be 2/f - 6/(-9). Suppose 3*y - v = 6 - 18, u = y + 2*v + 11. Let l(r) = r**3 + 5*r**2 + 1. What is l(y)?
1
Let c(i) = -8*i**3 + 3*i + 1. Let s(w) = -w**3 + w. Let o(l) = c(l) - 3*s(l). Let f be o(1). Let g(b) = -4*b - 5. What is g(f)?
11
Let t(n) = -n**2 - n - 11. Suppose 7*o - 70 - 35 = 0. Let h(k) = -k**3 + 4*k**2 - 2*k + 1. Let c be h(3). Suppose 5*j - o = 3*r, -11 = c*r + 9. Calculate t(j).
-11
Suppose -22 = -4*w - 6. Let b be (1/2)/(2/(-24)). Let u(s) = -6*s**3 - 5*s - 2. Let j(l) = -7*l**3 - l**2 - 5*l - 2. Let i(m) = b*u(m) + 5*j(m). What is i(w)?
6
Let b = 105 + -101. Let u(l) = l**2 - 5*l. Calculate u(b).
-4
Let w = -10 - -20. Suppose w = 5*r - 5. Let l(i) = -i**2 + 3*i - 3. Let q be l(r). Let u(v) = -3*v - 2. What is u(q)?
7
Let j(q) = -q**2 - q + 5. Suppose -b = 5*g + 3*b - 16, 3*g - 8 = -4*b. What is j(g)?
-15
Let b(m) = -m**3 + 4*m**2 - m - 3. Let t be b(3). Let y(w) = -10 + 16 - t*w - w + 3*w. What is y(6)?
0
Let k(q) = -q**2 + 10 - 8 + 4 + 1. Let c = 0 - 0. Calculate k(c).
7
Suppose 5*q - 10*q = 5. Let n(f) = f + 1. Calculate n(q).
0
Let j(n) = n + 5. Let l be j(-11). Let o be (4/l)/(2/3). Let f(d) = 5*d. Determine f(o).
-5
Let v = 11 - 15. Let p = 2 - -3. Let c(s) = 3*s - 3 + s**2 + 1 + p. Determine c(v).
7
Let g(v) be the first derivative of -v**4/4 - 4*v**3/3 + 5*v**2/2 - 7*v - 1. Let d be (10/8)/(1/(-4)). Determine g(d).
-7
Let s(z) = 5*z + 3. Suppose -2*h + 8*h - 24 = 0. Calculate s(h).
23
Let q(g) = 7*g**3 + 9*g**2 + 17*g - 11. Let w(t) = 4*t**3 + 4*t**2 + 9*t - 6. Let r(m) = -3*q(m) + 5*w(m). Give r(-6).
3
Let l(a) be the first derivative of 0*a - 1/4*a**4 - 2*a**2 + 4/3*a**3 + 1. Calculate l(3).
-3
Suppose 0 = -u - 4, -5*d + 0*u = -u - 4. Suppose 3*r - 5*r - 4 = d. Let y(b) = b**3 + 4*b**2 + b. What is y(r)?
6
Suppose -3*w - 7 = 4*u, -u - 22 = -2*w + 3*u. Let t = w + -3. Let o(i) = i**2 - i - 11. What is o(t)?
-11
Let h(c) = 5*c**2 - 1. Suppose 0 = -3*z + y - 26, 4*z + 21 = 5*y - 10. Let i be 1 + z/(-3) + 1. Suppose -3*b + 11 = -2*x, -x + 1 = i. Determine h(b).
4
Let i(w) = -3*w**3 - 4*w**2 - 3*w - 7. Let b(m) = 14*m**3 + 16*m**2 + 11*m + 29. Let q(g) = -2*b(g) - 9*i(g). Calculate q(5).
5
Let y(w) = 2*w**3 + 5*w**2 - 5*w. Let m(r) = 3*r**3 + 5*r**2 - 5*r + 1. Let k(o) = 3*m(o) - 4*y(o). Suppose 8 = c + c. Calculate k(c).
7
Let w(a) = 4*a**2 + a - 1. Let l = 6 + -4. Suppose -4*f - l*g - 6 = -2, 0 = 2*f + 3*g - 2. Give w(f).
13
Let d(m) be the first derivative of -m**4/4 - 2*m**3/3 + m**2/2 + 1. Let y be (-3 + 5)/((-4)/(-6)). Suppose h - 5*v = -0*v - 3, -y*v = h + 3. What is d(h)?
6
Let d(z) = 0*z + 3*z**2 - 3*z**2 + z**2 - 3 - 6*z. What is d(7)?
4
Let w(g) = g - 1. Let c(x) = -2*x**2 - 3*x - 5. Let v be c(-2). Give w(v).
-8
Let g(d) be the third derivative of d**5/60 + d**4/6 - 4*d**3/3 + 8*d**2. Determine g(-6).
4
Let t(c) = 21*c + 1. Let r(m) = m**3 - 4*m**2 - 13*m + 5. Let n be r(6). What is t(n)?
-20
Let f(d) = d**3 + 3*d**2 + d - 3. Let v = 2 + -2. Suppose -2*s + 4 = 0, 4 + v = -2*j - s. Calculate f(j).
-6
Let t(x) be the second derivative of -x**8/6720 + x**7/840 + x**6/360 + x**5/40 - x**4/12 + x. Let q(k) be the third derivative of t(k). What is q(4)?
-5
Let b(t) = 8*t + 6. Let a(r) = -9*r - 6. Let h(z) = -3*a(z) - 4*b(z). Give h(-6).
24
Let c(v) = -6*v + 2. Let b be c(-3). Suppose 0*s = 4*s + b, 0 = -a - 5*s - 32. Let t(k) = k. Determine t(a).
-7
Let q(d) be the first derivative of d**2 - 1. Suppose -5*y + 10 + 5 = 0. Determine q(y).
6
Let h(w) = -w + 6. Let k(c) = -6 + 6*c - 4*c - c. Let v(d) = 5*h(d) + 4*k(d). What is v(3)?
3
Let u(j) be the second derivative of j**3/6 + 13*j**2/2 - 3*j + 10. Determine u(-9).
4
Let h(k) = -3*k - 1. Let w(i) = -i - 21. Let x be w(-18). Determine h(x).
8
Let b(a) = a + 8*a**2 + 0*a**2 + a**2 - 1. Suppose 4*q + 3*n + 5 + 6 = 0, 5*n + 23 = -2*q. Determine b(q).
9
Let z(u) = u**3 - 7*u**2 - 7*u - 2. Let m be z(8). Let y(o) = o**2 - 7*o + 7. Give y(m).
1
Let x(u) = u**2 + 4*u + 4. Suppose -10*f - 6 = -8*f. What is x(f)?
1
Suppose -4*k + 4 = -4*l, -3*l - 3 = 5*k + 24. Let d(z) = -4*z**2 - z + 3 - 3*z**3 + 0*z**2 + 2*z**3. Calculate d(k).
-3
Let k(p) = 2*p**3 - p**2 + 1. Suppose 0 = -2*w + 5*w + 3. What is k(w)?
-2
Let c = 0 + 2. Let x(r) = -6 + r - 4*r**2 - 3*r**2 + 0*r**c + r**3. Let k(h) = h**3 - h**2 - 1. Let l(v) = -2*k(v) + x(v). Calculate l(-5).
-9
Suppose 4*c + 3 + 5 = 0, 0 = 3*o - c - 32. Suppose -o = -y - 4*y. Let w(m) = -3*m**2 - 5*m + y + 2*m**2 + 11*m. Calculate w(6).
2
Let t(v) = -574*v - 2*v**2 + 574*v. Calculate t(1).
-2
Suppose 7 = 4*d - 1. Let s be (3/(-2))/((-6)/8). Let y(f) = 5*f - 2 + s. Determine y(d).
10
Suppose -2*q - f = 11, 0 = -2*q - 5*f - 13 - 18. Let m(p) = p**3 + 3*p**2 - 3*p - 4. Give m(q).
5
Let o(c) be the second derivative of -c**5/20 + c**4/12 + c**3/6 - 3*c**2 - 3*c. Let s be o(0). Let b(w) = -w**3 - 6*w**2 + w + 5. Give b(s).
-1
Let x be (0 + 0)/(-2 - -1). Suppose x = -4*p + p + 36. Suppose 3*v = -2*q + p, 2*q - 18 = -2*q - 3*v. Let d(r) = -r**2 + 3*r - 1. Give d(q).
-1
Suppose g - 3*j + 0*j = -13, 3*j - 15 = 0. Let r(q) = 2*q**g - 4*q**2 + q**2 + 3 - 6*q. Let p = 30 - 35. Give r(p).
8
Let j(c) = c**2 - 5*c + 7. Let a(x) = 3*x + 11. Let w be a(-2). Give j(w).
7
Suppose 4*v = -12, -5*g - 13 - 7 = -5*v. Let u be (-3)/1 + (-4 - g). Let x(q) = q**3 + 7. Determine x(u).
7
Let x(g) = 2*g - 3. Let k be x(1). Let b(n) = -8*n**3 + 2*n**2 - 1. Give b(k).
9
Let y(c) = c**3 + 2*c**2 - 2*c - 3. Let z be (1 + 1)*-1 - -2. Suppose 3*r = -5*w, -2*w - 5*r + 19 = -z*r. Give y(w).
-6
Let x(h) = 5*h**2 + 16. Let w(v) = -v**2 - 3. Suppose 2 - 10 = -4*s. Let j(l) = s*x(l) + 11*w(l). Suppose -2*d = 2*d. Calculate j(d).
-1
Let m = 6 - 4. Let v(b) = -b**2 - b + 2*b*